{"id":16,"date":"2021-09-21T15:19:33","date_gmt":"2021-09-21T15:19:33","guid":{"rendered":"https:\/\/exposiciones.cervantes.es\/espaciosocupados\/?page_id=16"},"modified":"2023-10-18T06:14:20","modified_gmt":"2023-10-18T06:14:20","slug":"info","status":"publish","type":"page","link":"https:\/\/exposiciones.cervantes.es\/espaciosocupados\/info\/","title":{"rendered":"Info"},"content":{"rendered":"\n<h1 class=\"wp-block-heading has-text-align-center\" id=\"espacios-ocupados\"><strong>ESPACIOS OCUPADOS<\/strong><\/h1>\n\n\n\n<h2 class=\"wp-block-heading has-text-align-center\" id=\"programa-de-artes-visuales\">Programa de artes visuales<\/h2>\n\n\n\n<p class=\"has-text-align-center\"><a href=\"https:\/\/exposiciones.cervantes.es\/espaciosocupados\/info\/\"><strong>ES<\/strong><\/a> \/ <a href=\"https:\/\/exposiciones.cervantes.es\/espaciosocupados\/info-eng\/\">EN<\/a><\/p>\n\n\n\n<section class=\"wp-block-group col1\"><div class=\"wp-block-group__inner-container is-layout-flow wp-block-group-is-layout-flow\">\n<p><strong><em>Espacios Ocupados<\/em><\/strong> es una propuesta que articula trayectorias en diferentes direcciones para relacionar a artistas de habla hispana con contextos, agentes culturales y lugares donde se ubican los centros de la red del Instituto Cervantes, con la idea de acercar la pr\u00e1ctica art\u00edstica y sus hacedores a la ciudadan\u00eda del mundo.<\/p>\n\n\n\n<p>Este programa se ha ideado en un momento de incertidumbre y dudas acerca del oscuro presente y preguntas sin respuesta sobre el futuro, en que la salud, los cuidados y el bienestar han pasado a ser preocupaciones fundamentales en nuestras vidas.<\/p>\n\n\n\n<p>Hemos tenido tiempo para reflexionar con calma sobre los espacios que habitamos, nos hemos preocupado por si cumplen con condiciones saludables, nos hemos asombrado al ver las calles convertidas en desiertos y hemos pensado en el campo como la Arcadia perdida. Adem\u00e1s, la vuelta a la naturaleza se ha convertido en motivo de conversaciones y de nuevos planteamientos de vida.&nbsp;<\/p>\n\n\n\n<p>Desde hace tiempo se reivindica un uso m\u00e1s humanizado de los espacios p\u00fablicos al mismo tiempo que se extiende el debate entre los l\u00edmites de la experiencia personal y la privacidad, unido a preocupaciones en torno a los espacios seguros e higi\u00e9nicos, donde la distancia social ha marcado un nuevo tono en las relaciones sociales.<\/p>\n\n\n\n<p>As\u00ed, esta situaci\u00f3n inesperada nos lleva a plantearnos el retiro, la vida sin consumismo o el cambio de paradigma de convivencia, a partir de una cotidianidad que podemos dise\u00f1ar a medida con nuestras propias reglas, tal como hizo Thoreau aisl\u00e1ndose en la laguna Walden.<\/p>\n\n\n\n<p>Por todo ello, nos hemos decidido a ocupar espacios en beneficio de la convivencia y el di\u00e1logo entre las personas cultural y socialmente diversas, con la idea de estimular lazos de afinidad. Creemos que es el momento de apostar por proyectos que incentiven las relaciones entre diferentes, creando cauces comunes de comunicaci\u00f3n, conectando a personas a trav\u00e9s del arte para dejarse sorprender con situaciones cambiantes. A trav\u00e9s de estas ocupaciones art\u00edsticas en lugares determinados, brotan otras maneras de pensar y sentir para llegar a comprender y a compartir preguntas y posibles respuestas.<\/p>\n\n\n\n<p>La red de centros del Instituto Cervantes permite este tipo de conjunciones y que personas que se dedican a hacer cultura desde sitios diversos puedan reactivar y resignificar lugares, reales o virtuales, para habitarlos como espacios de creaci\u00f3n y de pensamiento.<\/p>\n<\/div><\/section>\n\n\n\n<section class=\"wp-block-group col2\"><div class=\"wp-block-group__inner-container is-layout-flow wp-block-group-is-layout-flow\">\n<figure class=\"wp-block-image size-large\"><img loading=\"lazy\" decoding=\"async\" width=\"1424\" height=\"949\" src=\"https:\/\/exposiciones.cervantes.es\/espaciosocupados\/wp-content\/uploads\/sites\/2\/2022\/01\/Captura-de-pantalla-2022-01-20-a-las-14.29.46-1424x949.png\" alt=\"\" class=\"wp-image-919\" srcset=\"https:\/\/exposiciones.cervantes.es\/espaciosocupados\/wp-content\/uploads\/sites\/2\/2022\/01\/Captura-de-pantalla-2022-01-20-a-las-14.29.46-1424x949.png 1424w, https:\/\/exposiciones.cervantes.es\/espaciosocupados\/wp-content\/uploads\/sites\/2\/2022\/01\/Captura-de-pantalla-2022-01-20-a-las-14.29.46-900x599.png 900w, https:\/\/exposiciones.cervantes.es\/espaciosocupados\/wp-content\/uploads\/sites\/2\/2022\/01\/Captura-de-pantalla-2022-01-20-a-las-14.29.46-300x200.png 300w, https:\/\/exposiciones.cervantes.es\/espaciosocupados\/wp-content\/uploads\/sites\/2\/2022\/01\/Captura-de-pantalla-2022-01-20-a-las-14.29.46-768x512.png 768w, https:\/\/exposiciones.cervantes.es\/espaciosocupados\/wp-content\/uploads\/sites\/2\/2022\/01\/Captura-de-pantalla-2022-01-20-a-las-14.29.46-1536x1023.png 1536w, https:\/\/exposiciones.cervantes.es\/espaciosocupados\/wp-content\/uploads\/sites\/2\/2022\/01\/Captura-de-pantalla-2022-01-20-a-las-14.29.46-2048x1364.png 2048w\" sizes=\"auto, (max-width: 1424px) 100vw, 1424px\" \/><\/figure>\n\n\n\n<p class=\"has-small-font-size\"><strong>CR\u00c9DITOS<\/strong><\/p>\n\n\n\n<p class=\"has-small-font-size\"><strong>Organiza<\/strong>: Instituto Cervantes<\/p>\n\n\n\n<p class=\"has-small-font-size\"><strong>Coordinaci\u00f3n del proyecto:<\/strong> Mar\u00eda Jos\u00e9 Maga\u00f1a Clemente<\/p>\n\n\n\n<p class=\"has-small-font-size\"><strong>Con la colaboraci\u00f3n de<\/strong>: Carmen Caball\u00e9 Tutosaus<\/p>\n\n\n\n<p class=\"has-small-font-size\"><strong>Y el Departamento de Cultura Digital del Instituto Cervantes<\/strong><\/p>\n\n\n\n<p class=\"has-small-font-size\"><strong>Y los equipos de Cultura de los Institutos Cervantes de:<\/strong> Albuquerque, Am\u00e1n, Atenas, Berl\u00edn, Bremen, Bruselas, Budapest, Cracovia, Dakar, Dubl\u00edn, Fr\u00e1ncfort, Hamburgo, M\u00e1nchester, M\u00fanich, N\u00e1poles, Nueva York, Praga, Tetu\u00e1n, Varsovia.<\/p>\n\n\n\n<p class=\"has-small-font-size\"><strong>Plataforma virtual:<\/strong>&nbsp;La Troupe Digital <br>Coordinaci\u00f3n t\u00e9cnica: Miren Pastor  <br>Programaci\u00f3n: Jon Unibaso<br>Dise\u00f1o: Ruben Garc\u00eda-Castro<br>Dise\u00f1o logo: Jaime Narv\u00e1ez<\/p>\n\n\n\n<p class=\"has-small-font-size\"><strong>NIPO:<\/strong>\u00a0110-23-030-5<\/p>\n\n\n\n<p class=\"has-small-font-size\"><strong>Copy de las im\u00e1genes y de los textos: <\/strong>los\/as autores\/as<\/p>\n<\/div><\/section>\n","protected":false},"excerpt":{"rendered":"<p>ESPACIOS OCUPADOS Programa de artes visuales ES \/ EN Espacios Ocupados es una propuesta que articula trayectorias en diferentes direcciones para relacionar a artistas de habla hispana con contextos, agentes culturales y lugares donde se ubican los centros de la red del Instituto Cervantes, con la idea de acercar la pr\u00e1ctica art\u00edstica y sus hacedores [&hellip;]<\/p>\n","protected":false},"author":1,"featured_media":0,"parent":0,"menu_order":0,"comment_status":"closed","ping_status":"closed","template":"template-info.php","meta":{"footnotes":""},"class_list":["post-16","page","type-page","status-publish","hentry"],"_links":{"self":[{"href":"https:\/\/exposiciones.cervantes.es\/espaciosocupados\/wp-json\/wp\/v2\/pages\/16","targetHints":{"allow":["GET"]}}],"collection":[{"href":"https:\/\/exposiciones.cervantes.es\/espaciosocupados\/wp-json\/wp\/v2\/pages"}],"about":[{"href":"https:\/\/exposiciones.cervantes.es\/espaciosocupados\/wp-json\/wp\/v2\/types\/page"}],"author":[{"embeddable":true,"href":"https:\/\/exposiciones.cervantes.es\/espaciosocupados\/wp-json\/wp\/v2\/users\/1"}],"replies":[{"embeddable":true,"href":"https:\/\/exposiciones.cervantes.es\/espaciosocupados\/wp-json\/wp\/v2\/comments?post=16"}],"version-history":[{"count":23,"href":"https:\/\/exposiciones.cervantes.es\/espaciosocupados\/wp-json\/wp\/v2\/pages\/16\/revisions"}],"predecessor-version":[{"id":2362,"href":"https:\/\/exposiciones.cervantes.es\/espaciosocupados\/wp-json\/wp\/v2\/pages\/16\/revisions\/2362"}],"wp:attachment":[{"href":"https:\/\/exposiciones.cervantes.es\/espaciosocupados\/wp-json\/wp\/v2\/media?parent=16"}],"curies":[{"name":"wp","href":"https:\/\/api.w.org\/{rel}","templated":true}]}}